93?
67, 149, 271
What are the prime factors of 1169480?
2, 5, 13, 173
What are the prime factors of 13945?
5, 2789
What are the prime factors of 14807242?
2, 647, 11443
What are the prime factors of 618244?
2, 11, 14051
What are the prime factors of 885690?
2, 3, 5, 13, 757
List the prime factors of 15181791.
3, 5060597
What are the prime factors of 785181?
3, 79, 3313
List the prime factors of 175856.
2, 29, 379
What are the prime factors of 190453?
227, 839
What are the prime factors of 799668?
2, 3, 97, 229
What are the prime factors of 1105158?
2, 3, 47, 3919
What are the prime factors of 478477?
19, 25183
List the prime factors of 732700.
2, 5, 17, 431
What are the prime factors of 3768923?
223, 16901
List the prime factors of 48061.
13, 3697
What are the prime factors of 888871?
888871
List the prime factors of 9694671.
3, 7, 29, 15919
List the prime factors of 7453718.
2, 17, 41, 5347
What are the prime factors of 174752?
2, 43, 127
List the prime factors of 542598.
2, 3, 7, 12919
List the prime factors of 297355.
5, 59471
What are the prime factors of 328107?
3, 13, 47, 179
What are the prime factors of 819444?
2, 3, 23, 2969
List the prime factors of 14751737.
7, 11, 13, 14737
List the prime factors of 6573998.
2, 23, 241, 593
List the prime factors of 903940.
2, 5, 45197
What are the prime factors of 174961?
23, 7607
List the prime factors of 20375190.
2, 3, 5, 11, 1871
What are the prime factors of 138590?
2, 5, 13859
List the prime factors of 4299104.
2, 37, 3631
List the prime factors of 3753622.
2, 937, 2003
List the prime factors of 410064.
2, 3, 8543
List the prime factors of 2397960.
2, 3, 5, 6661
What are the prime factors of 378301?
7, 11, 17
What are the prime factors of 2924905?
5, 584981
What are the prime factors of 19719929?
19, 43, 24137
What are the prime factors of 17892?
2, 3, 7, 71
What are the prime factors of 2542338?
2, 3, 141241
What are the prime factors of 1203488?
2, 11, 13, 263
List the prime factors of 15379164.
2, 3, 29, 14731
List the prime factors of 17229680.
2, 5, 13, 16567
What are the prime factors of 200066?
2, 167, 599
List the prime factors of 6744086.
2, 67, 50329
What are the prime factors of 9851611?
7, 11, 97, 1319
What are the prime factors of 1135953?
3, 7, 13, 19, 73
List the prime factors of 14240802.
2, 3, 509, 4663
List the prime factors of 5876849.
11, 17, 2857
What are the prime factors of 1340814?
2, 3, 223469
List the prime factors of 1626092.
2, 13, 31271
List the prime factors of 1171070.
2, 5, 181, 647
List the prime factors of 13327611.
3, 11, 403867
List the prime factors of 1370339.
827, 1657
What are the prime factors of 2856801?
3, 47, 20261
What are the prime factors of 7922963?
41, 193243
List the prime factors of 585286.
2, 13, 22511
What are the prime factors of 5628880?
2, 5, 71, 991
List the prime factors of 254540.
2, 5, 11, 13, 89
What are the prime factors of 4916605?
5, 307, 3203
List the prime factors of 1138757.
1138757
List the prime factors of 256276.
2, 79, 811
List the prime factors of 560943.
3, 62327
List the prime factors of 1543914.
2, 3, 28591
List the prime factors of 16971442.
2, 8485721
List the prime factors of 2596248.
2, 3, 107, 337
What are the prime factors of 12593178?
2, 3, 13, 17939
What are the prime factors of 283788?
2, 3, 7883
List the prime factors of 1948046.
2, 29, 33587
List the prime factors of 11560218.
2, 3, 1926703
What are the prime factors of 1307114?
2, 43, 15199
What are the prime factors of 2764717?
229, 12073
List the prime factors of 218539.
83, 2633
List the prime factors of 172481.
173, 997
What are the prime factors of 22922?
2, 73, 157
List the prime factors of 6405531.
3, 11, 73, 2659
What are the prime factors of 842439?
3, 13, 21601
What are the prime factors of 3038572?
2, 173, 4391
What are the prime factors of 30872550?
2, 3, 5, 205817
What are the prime factors of 285605?
5, 239
List the prime factors of 26972689.
47, 573887
List the prime factors of 219676.
2, 54919
What are the prime factors of 198127?
198127
List the prime factors of 2153721.
3, 541, 1327
List the prime factors of 197621.
197621
What are the prime factors of 7402206?
2, 3, 7, 176243
What are the prime factors of 538357?
538357
What are the prime factors of 40811?
37, 1103
What are the prime factors of 28820667?
3, 9606889
What are the prime factors of 91081?
91081
What are the prime factors of 964712?
2, 7, 23, 107
What are the prime factors of 1235149?
1235149
What are the prime factors of 2412904?
2, 13, 23201
List the prime factors of 23167758.
2, 3, 3861293
List the prime factors of 219739.
13, 16903
What are the prime factors of 6287751?
3, 29, 24091
What are the prime factors of 397037?
397037
What are the prime factors of 316392?
2, 3, 13183
What are the prime factors of 2473549?
13, 149, 1277
List the prime factors of 8780959.
11, 17, 46957
What are the prime factors of 151022?
2, 75511
List the prime factors of 2905157.
19, 107, 1429
List the prime factors of 2514340.
2, 5, 125717
What are the prime factors of 272096?
2, 11, 773
List the prime factors of 15473107.
13, 307, 3877
List the prime factors of 427476.
2, 3, 7, 727
What are the prime factors of 253816?
2, 31727
What are the prime factors of 63786?
2, 3, 10631
List the prime factors of 22471955.
5, 11, 29, 73, 193
List the prime factors of 17872499.
17872499
What are the prime factors of 3840852?
2, 3, 263, 1217
What are the prime factors of 374456?
2, 46807
What are the prime factors of 297262?
2, 7, 17, 1249
What are the prime factors of 104967?
3, 107, 109
What are the prime factors of 1768525?
5, 11, 59, 109
List the prime factors of 327628.
2, 7, 11701
What are the prime factors of 9668070?
2, 3, 5, 17, 71, 89
List the prime factors of 14998522.
2, 7, 11, 17, 337
What are the prime factors of 5172149?
5172149
List the prime factors of 15315135.
3, 5, 11, 101, 919
What are the prime factors of 369690?
2, 3, 5, 12323
List the prime factors of 7388264.
2, 13, 19, 3739
What are the prime factors of 523090?
2, 5, 17, 181
List the prime factors of 267232.
2, 7, 1193
What are the prime factors of 14683618?
2, 19, 386411
What are the prime factors of 1344151?
1344151
What are the prime factors of 483182?
2, 7, 34513
What are the prime factors of 25584157?
2843, 8999
List the prime factors of 2160224.
2, 11, 17, 19
List the prime factors of 217688.
2, 27211
What are the prime factors of 194476?
2, 48619
What are the prime factors of 5053029?
3, 17, 99079
List the prime factors of 16712595.
3, 5, 43, 2879
What are the prime factors of 3289558?
2, 1151, 1429
What are the prime factors of 11476180?
2, 5, 573809
What are the prime factors of 55218?
2, 3, 9203
What are the prime factors of 15914814?
2, 3, 577, 4597
List the prime factors of 2429636.
2, 11, 55219
What are the prime factors of 313393?
79, 3967
List the prime factors of 2973975.
3, 5, 19, 2087
List the prime factors of 12334542.
2, 3, 11, 37, 5051
What are the prime factors of 10036612?
2, 229, 10957
List the prime factors of 5261238.
2, 3, 29, 10079
What are the prime factors of 12535394?
2, 227, 27611
What are the prime factors of 1089557?
7, 31, 5021
What are the prime factors of 1668259?
23, 72533
List the prime factors of 890839.
83, 10733
What are the prime factors of 30463988?
2, 83, 89, 1031
What are the prime factors of 1840392?
2, 3, 25561
What are the prime factors of 1376402?
2, 688201
List the prime factors of 825887.
757, 1091
List the prime factors of 14901567.
3, 19, 261431
What are the prime factors of 83514?
2, 3, 31, 449
List the prime factors of 133152.
2, 3, 19, 73
List the prime factors of 438205.
5, 87641
List the prime factors of 6685700.
2, 5, 7, 9551
List the prime factors of 7274596.
2, 7, 73, 3559
List the prime factors of 208051.
37, 5623
List the prime factors of 939393.
3, 7, 13, 31, 37
List the prime factors of 2468829.
3, 11, 79, 947
What are the prime factors of 22516?
2, 13, 433
What are the prime factors of 4743511?
37, 128203
List the prime factors of 210822.
2, 3, 41, 857
What are the prime factors of 4881312?
2, 3, 17, 997
What are the prime factors of 95567?
227, 421
What are the prime factors of 634562?
2, 19, 16699
What are the prime factors of 327382?
2, 11, 23, 647
List the 